[INFO] cloning repository https://github.com/fominok/rustyrest
[INFO] running `Command { std: "git" "-c" "credential.helper=" "-c" "credential.helper=/workspace/cargo-home/bin/git-credential-null" "clone" "--bare" "https://github.com/fominok/rustyrest" "/workspace/cache/git-repos/https%3A%2F%2Fgithub.com%2Ffominok%2Frustyrest", kill_on_drop: false }`
[INFO] [stderr] Cloning into bare repository '/workspace/cache/git-repos/https%3A%2F%2Fgithub.com%2Ffominok%2Frustyrest'...
[INFO] running `Command { std: "git" "rev-parse" "HEAD", kill_on_drop: false }`
[INFO] [stdout] e2026a6d84bb26b92fab751e849d633f3afc4034
[INFO] checking fominok/rustyrest against try#72f88fc4e9458f89516a0b8b0868f3718aec5b47 for pr-74989
[INFO] running `Command { std: "git" "clone" "/workspace/cache/git-repos/https%3A%2F%2Fgithub.com%2Ffominok%2Frustyrest" "/workspace/builds/worker-5/source", kill_on_drop: false }`
[INFO] [stderr] Cloning into '/workspace/builds/worker-5/source'...
[INFO] [stderr] done.
[INFO] validating manifest of git repo https://github.com/fominok/rustyrest on toolchain 72f88fc4e9458f89516a0b8b0868f3718aec5b47
[INFO] running `Command { std: "/workspace/cargo-home/bin/cargo" "+72f88fc4e9458f89516a0b8b0868f3718aec5b47" "read-manifest" "--manifest-path" "Cargo.toml", kill_on_drop: false }`
[INFO] started tweaking git repo https://github.com/fominok/rustyrest
[INFO] finished tweaking git repo https://github.com/fominok/rustyrest
[INFO] tweaked toml for git repo https://github.com/fominok/rustyrest written to /workspace/builds/worker-5/source/Cargo.toml
[INFO] crate git repo https://github.com/fominok/rustyrest already has a lockfile, it will not be regenerated
[INFO] running `Command { std: "/workspace/cargo-home/bin/cargo" "+72f88fc4e9458f89516a0b8b0868f3718aec5b47" "fetch" "--locked" "--manifest-path" "Cargo.toml", kill_on_drop: false }`
[INFO] [stderr] error: the lock file /workspace/builds/worker-5/source/Cargo.lock needs to be updated but --locked was passed to prevent this
[INFO] [stderr] If you want to try to generate the lock file without accessing the network, use the --offline flag.
[INFO] the lockfile is outdated, regenerating it
[INFO] running `Command { std: "/workspace/cargo-home/bin/cargo" "+72f88fc4e9458f89516a0b8b0868f3718aec5b47" "generate-lockfile" "--manifest-path" "Cargo.toml" "-Zno-index-update", kill_on_drop: false }`
[INFO] running `Command { std: "/workspace/cargo-home/bin/cargo" "+72f88fc4e9458f89516a0b8b0868f3718aec5b47" "fetch" "--locked" "--manifest-path" "Cargo.toml", kill_on_drop: false }`
[INFO] [stderr]  Downloading crates ...
[INFO] [stderr]   Downloaded ahash v0.3.8
[INFO] [stderr]   Downloaded hex v0.2.0
[INFO] [stderr]   Downloaded dlv-list v0.2.2
[INFO] [stderr]   Downloaded bufstream v0.1.4
[INFO] [stderr]   Downloaded phf v0.7.15
[INFO] [stderr]   Downloaded ordered-multimap v0.2.4
[INFO] [stderr]   Downloaded rust-ini v0.15.3
[INFO] [stderr]   Downloaded hashbrown v0.7.2
[INFO] [stderr]   Downloaded postgres v0.11.12
[INFO] [stderr]   Downloaded phf_shared v0.7.15
[INFO] running `Command { std: "docker" "create" "-v" "/var/lib/crater-agent-workspace/builds/worker-5/target:/opt/rustwide/target:rw,Z" "-v" "/var/lib/crater-agent-workspace/builds/worker-5/source:/opt/rustwide/workdir:ro,Z" "-v" "/var/lib/crater-agent-workspace/cargo-home:/opt/rustwide/cargo-home:ro,Z" "-v" "/var/lib/crater-agent-workspace/rustup-home:/opt/rustwide/rustup-home:ro,Z" "-e" "SOURCE_DIR=/opt/rustwide/workdir" "-e" "CARGO_TARGET_DIR=/opt/rustwide/target" "-e" "CARGO_HOME=/opt/rustwide/cargo-home" "-e" "RUSTUP_HOME=/opt/rustwide/rustup-home" "-w" "/opt/rustwide/workdir" "-m" "1610612736" "--user" "0:0" "--network" "none" "rustops/crates-build-env@sha256:d92eaeed33fa75130ca1ee6c8a01d1ffb62bac859dfdfb3450e3e5d1c0146529" "/opt/rustwide/cargo-home/bin/cargo" "+72f88fc4e9458f89516a0b8b0868f3718aec5b47" "metadata" "--no-deps" "--format-version=1", kill_on_drop: false }`
[INFO] [stdout] e6bbb41b1469f60ef617ad3d73914404c309772cd229810f3b745356c25a4e24
[INFO] [stderr] WARNING: Your kernel does not support swap limit capabilities or the cgroup is not mounted. Memory limited without swap.
[INFO] running `Command { std: "docker" "start" "-a" "e6bbb41b1469f60ef617ad3d73914404c309772cd229810f3b745356c25a4e24", kill_on_drop: false }`
[INFO] running `Command { std: "docker" "inspect" "e6bbb41b1469f60ef617ad3d73914404c309772cd229810f3b745356c25a4e24", kill_on_drop: false }`
[INFO] running `Command { std: "docker" "rm" "-f" "e6bbb41b1469f60ef617ad3d73914404c309772cd229810f3b745356c25a4e24", kill_on_drop: false }`
[INFO] [stdout] e6bbb41b1469f60ef617ad3d73914404c309772cd229810f3b745356c25a4e24
[INFO] running `Command { std: "docker" "create" "-v" "/var/lib/crater-agent-workspace/builds/worker-5/target:/opt/rustwide/target:rw,Z" "-v" "/var/lib/crater-agent-workspace/builds/worker-5/source:/opt/rustwide/workdir:ro,Z" "-v" "/var/lib/crater-agent-workspace/cargo-home:/opt/rustwide/cargo-home:ro,Z" "-v" "/var/lib/crater-agent-workspace/rustup-home:/opt/rustwide/rustup-home:ro,Z" "-e" "SOURCE_DIR=/opt/rustwide/workdir" "-e" "CARGO_TARGET_DIR=/opt/rustwide/target" "-e" "CARGO_INCREMENTAL=0" "-e" "RUST_BACKTRACE=full" "-e" "RUSTFLAGS=--cap-lints=forbid" "-e" "CARGO_HOME=/opt/rustwide/cargo-home" "-e" "RUSTUP_HOME=/opt/rustwide/rustup-home" "-w" "/opt/rustwide/workdir" "-m" "1610612736" "--user" "0:0" "--network" "none" "rustops/crates-build-env@sha256:d92eaeed33fa75130ca1ee6c8a01d1ffb62bac859dfdfb3450e3e5d1c0146529" "/opt/rustwide/cargo-home/bin/cargo" "+72f88fc4e9458f89516a0b8b0868f3718aec5b47" "check" "--frozen" "--all" "--all-targets" "--message-format=json", kill_on_drop: false }`
[INFO] [stdout] 2fddbce1925f59430d094c0fcae829d7fa416627d80e9919325d665a0d665163
[INFO] [stderr] WARNING: Your kernel does not support swap limit capabilities or the cgroup is not mounted. Memory limited without swap.
[INFO] running `Command { std: "docker" "start" "-a" "2fddbce1925f59430d094c0fcae829d7fa416627d80e9919325d665a0d665163", kill_on_drop: false }`
[INFO] [stderr]     Checking ahash v0.3.8
[INFO] [stderr]     Checking phf_shared v0.7.15
[INFO] [stderr]     Checking unicode-width v0.1.8
[INFO] [stderr]     Checking yaml-rust v0.3.5
[INFO] [stderr]     Checking vec_map v0.8.2
[INFO] [stderr]     Checking bufstream v0.1.4
[INFO] [stderr]    Compiling hashbrown v0.7.2
[INFO] [stderr]     Checking getrandom v0.1.15
[INFO] [stderr]     Checking log v0.4.11
[INFO] [stderr]     Checking textwrap v0.11.0
[INFO] [stderr]     Checking rand_core v0.5.1
[INFO] [stderr]     Checking phf v0.7.15
[INFO] [stderr]     Checking log v0.3.9
[INFO] [stderr]     Checking rand_chacha v0.2.2
[INFO] [stderr]     Checking postgres v0.11.12
[INFO] [stderr]     Checking rand v0.7.3
[INFO] [stderr]     Checking clap v2.33.3
[INFO] [stderr]     Checking dlv-list v0.2.2
[INFO] [stderr]     Checking ordered-multimap v0.2.4
[INFO] [stderr]     Checking rust-ini v0.15.3
[INFO] [stderr]     Checking rust-phonebook v0.1.0 (/opt/rustwide/workdir)
[INFO] [stdout] warning: use of deprecated macro `try`: use the `?` operator instead
[INFO] [stdout]  --> src/db.rs:9:9
[INFO] [stdout]   |
[INFO] [stdout] 9 |         try!(stmt.execute(&[i]));
[INFO] [stdout]   |         ^^^
[INFO] [stdout]   |
[INFO] [stdout]   = note: `#[warn(deprecated)]` on by default
[INFO] [stdout] 
[INFO] [stdout] 
[INFO] [stdout] warning: use of deprecated macro `try`: use the `?` operator instead
[INFO] [stdout]  --> src/db.rs:9:9
[INFO] [stdout]   |
[INFO] [stdout] 9 |         try!(stmt.execute(&[i]));
[INFO] [stdout]   |         ^^^
[INFO] [stdout]   |
[INFO] [stdout]   = note: `#[warn(deprecated)]` on by default
[INFO] [stdout] 
[INFO] [stdout] 
[INFO] [stdout] error[E0308]: mismatched types
[INFO] [stdout]   --> src/main.rs:40:36
[INFO] [stdout]    |
[INFO] [stdout] 40 |         target: ConnectTarget::Tcp(host.clone()),
[INFO] [stdout]    |                                    ^^^^^^^^^^^^
[INFO] [stdout]    |                                    |
[INFO] [stdout]    |                                    expected struct `String`, found `&str`
[INFO] [stdout]    |                                    help: try using a conversion method: `host.to_string()`
[INFO] [stdout] 
[INFO] [stdout] 
[INFO] [stdout] error[E0308]: mismatched types
[INFO] [stdout]   --> src/main.rs:40:36
[INFO] [stdout]    |
[INFO] [stdout] 40 |         target: ConnectTarget::Tcp(host.clone()),
[INFO] [stdout]    |                                    ^^^^^^^^^^^^
[INFO] [stdout]    |                                    |
[INFO] [stdout]    |                                    expected struct `String`, found `&str`
[INFO] [stdout]    |                                    help: try using a conversion method: `host.to_string()`
[INFO] [stdout] 
[INFO] [stdout] 
[INFO] [stdout] error[E0308]: mismatched types
[INFO] [stdout]   --> src/main.rs:43:19
[INFO] [stdout]    |
[INFO] [stdout] 43 |             user: user.clone(),
[INFO] [stdout]    |                   ^^^^^^^^^^^^
[INFO] [stdout]    |                   |
[INFO] [stdout]    |                   expected struct `String`, found `&str`
[INFO] [stdout]    |                   help: try using a conversion method: `user.to_string()`
[INFO] [stdout] 
[INFO] [stdout] 
[INFO] [stdout] error[E0308]: mismatched types
[INFO] [stdout]   --> src/main.rs:44:28
[INFO] [stdout]    |
[INFO] [stdout] 44 |             password: Some(pass.clone())
[INFO] [stdout]    |                            ^^^^^^^^^^^^
[INFO] [stdout]    |                            |
[INFO] [stdout]    |                            expected struct `String`, found `&str`
[INFO] [stdout]    |                            help: try using a conversion method: `pass.to_string()`
[INFO] [stdout] 
[INFO] [stdout] 
[INFO] [stdout] error[E0308]: mismatched types
[INFO] [stdout]   --> src/main.rs:43:19
[INFO] [stdout]    |
[INFO] [stdout] 43 |             user: user.clone(),
[INFO] [stdout]    |                   ^^^^^^^^^^^^
[INFO] [stdout]    |                   |
[INFO] [stdout]    |                   expected struct `String`, found `&str`
[INFO] [stdout]    |                   help: try using a conversion method: `user.to_string()`
[INFO] [stdout] 
[INFO] [stdout] 
[INFO] [stdout] error[E0308]: mismatched types
[INFO] [stdout]   --> src/main.rs:46:24
[INFO] [stdout]    |
[INFO] [stdout] 46 |         database: Some(dbname.clone()),
[INFO] [stdout]    |                        ^^^^^^^^^^^^^^
[INFO] [stdout]    |                        |
[INFO] [stdout]    |                        expected struct `String`, found `&str`
[INFO] [stdout]    |                        help: try using a conversion method: `dbname.to_string()`
[INFO] [stdout] 
[INFO] [stdout] 
[INFO] [stdout] error[E0308]: mismatched types
[INFO] [stdout]   --> src/main.rs:44:28
[INFO] [stdout]    |
[INFO] [stdout] 44 |             password: Some(pass.clone())
[INFO] [stdout]    |                            ^^^^^^^^^^^^
[INFO] [stdout]    |                            |
[INFO] [stdout]    |                            expected struct `String`, found `&str`
[INFO] [stdout]    |                            help: try using a conversion method: `pass.to_string()`
[INFO] [stdout] 
[INFO] [stdout] 
[INFO] [stdout] error: aborting due to 4 previous errors; 1 warning emitted
[INFO] [stdout] 
[INFO] [stdout] 
[INFO] [stdout] For more information about this error, try `rustc --explain E0308`.
[INFO] [stdout] 
[INFO] [stderr] error: could not compile `rust-phonebook`.
[INFO] [stderr] 
[INFO] [stderr] To learn more, run the command again with --verbose.
[INFO] [stderr] warning: build failed, waiting for other jobs to finish...
[INFO] [stdout] error[E0308]: mismatched types
[INFO] [stdout]   --> src/main.rs:46:24
[INFO] [stdout]    |
[INFO] [stdout] 46 |         database: Some(dbname.clone()),
[INFO] [stdout]    |                        ^^^^^^^^^^^^^^
[INFO] [stdout]    |                        |
[INFO] [stdout]    |                        expected struct `String`, found `&str`
[INFO] [stdout]    |                        help: try using a conversion method: `dbname.to_string()`
[INFO] [stdout] 
[INFO] [stdout] 
[INFO] [stdout] error: aborting due to 4 previous errors; 1 warning emitted
[INFO] [stdout] 
[INFO] [stdout] 
[INFO] [stdout] For more information about this error, try `rustc --explain E0308`.
[INFO] [stdout] 
[INFO] [stderr] error: build failed
[INFO] running `Command { std: "docker" "inspect" "2fddbce1925f59430d094c0fcae829d7fa416627d80e9919325d665a0d665163", kill_on_drop: false }`
[INFO] running `Command { std: "docker" "rm" "-f" "2fddbce1925f59430d094c0fcae829d7fa416627d80e9919325d665a0d665163", kill_on_drop: false }`
[INFO] [stdout] 2fddbce1925f59430d094c0fcae829d7fa416627d80e9919325d665a0d665163
